hat is the remainder when 214 is divided by 31?
28
Calculate the remainder when 520 is divided by 134.
118
What is the remainder when 103 is divided by 22?
15
Calculate the remainder when 714 is divided by 14.
0
Calculate the remainder when 628 is divided by 18.
16
What is the remainder when 217 is divided by 94?
29
What is the remainder when 442 is divided by 140?
22
Calculate the remainder when 450 is divided by 193.
64
What is the remainder when 245 is divided by 29?
13
What is the remainder when 474 is divided by 77?
12
Calculate the remainder when 227 is divided by 12.
11
What is the remainder when 1385 is divided by 457?
14
Calculate the remainder when 4497 is divided by 150.
147
Calculate the remainder when 1887 is divided by 15.
12
Calculate the remainder when 368 is divided by 37.
35
What is the remainder when 1101 is divided by 312?
165
What is the remainder when 34 is divided by 7?
6
Calculate the remainder when 927 is divided by 147.
45
Calculate the remainder when 168 is divided by 57.
54
Calculate the remainder when 411 is divided by 155.
101
What is the remainder when 2219 is divided by 367?
17
Calculate the remainder when 180 is divided by 176.
4
Calculate the remainder when 322 is divided by 319.
3
What is the remainder when 806 is divided by 161?
1
Calculate the remainder when 2233 is divided by 26.
23
Calculate the remainder when 131 is divided by 75.
56
Calculate the remainder when 216 is divided by 32.
24
Calculate the remainder when 10061 is divided by 78.
77
Calculate the remainder when 5611 is divided by 77.
67
Calculate the remainder when 132 is divided by 58.
16
Calculate the remainder when 1011 is divided by 261.
228
Calculate the remainder when 5488 is divided by 17.
14
Calculate the remainder when 15237 is divided by 103.
96
Calculate the remainder when 93 is divided by 49.
44
What is the remainder when 18015 is divided by 6002?
9
Calculate the remainder when 69 is divided by 19.
12
Calculate the remainder when 161 is divided by 27.
26
What is the remainder when 154 is divided by 31?
30
Calculate the remainder when 987 is divided by 5.
2
Calculate the remainder when 378 is divided by 102.
72
What is the remainder when 657 is divided by 194?
75
What is the remainder when 472 is divided by 2?
0
Calculate the remainder when 6640 is divided by 11.
7
Calculate the remainder when 114 is divided by 73.
41
What is the remainder when 142 is divided by 31?
18
Calculate the remainder when 12009 is divided by 52.
49
What is the remainder when 149 is divided by 22?
17
Calculate the remainder when 5105 is divided by 111.
110
What is the remainder when 338 is divided by 166?
6
Calculate the remainder when 490 is divided by 239.
12
What is the remainder when 115 is divided by 17?
13
What is the remainder when 365 is divided by 44?
13
Calculate the remainder when 1357 is divided by 8.
5
What is the remainder when 588 is divided by 358?
230
Calculate the remainder when 153 is divided by 47.
12
Calculate the remainder when 377 is divided by 117.
26
Calculate the remainder when 6556 is divided by 60.
16
What is the remainder when 44989 is divided by 64?
61
Calculate the remainder when 2433 is divided by 810.
3
What is the remainder when 173 is divided by 40?
13
Calculate the remainder when 1796 is divided by 9.
5
Calculate the remainder when 144 is divided by 38.
30
What is the remainder when 31 is divided by 11?
9
Calculate the remainder when 721 is divided by 227.
40
Calculate the remainder when 283 is divided by 99.
85
Calculate the remainder when 18537 is divided by 20.
17
What is the remainder when 1634 is divided by 238?
206
What is the remainder when 882 is divided by 351?
180
What is the remainder when 93 is divided by 28?
9
What is the remainder when 1335 is divided by 20?
15
What is the remainder when 55 is divided by 30?
25
Calculate the remainder when 1419 is divided by 142.
141
What is the remainder when 220 is divided by 79?
62
Calculate the remainder when 10 is divided by 8.
2
What is the remainder when 1378 is divided by 1378?
0
Calculate the remainder when 247 is divided by 130.
117
Calculate the remainder when 2431 is divided by 106.
99
What is the remainder when 1958 is divided by 53?
50
Calculate the remainder when 316 is divided by 36.
28
What is the remainder when 63 is divided by 1?
0
Calculate the remainder when 92 is divided by 39.
14
What is the remainder when 987 is divided by 45?
42
Calculate the remainder when 236 is divided by 14.
12
Calculate the remainder when 2447 is divided by 24.
23
What is the remainder when 3737 is divided by 1860?
17
Calculate the remainder when 87 is divided by 15.
12
Calculate the remainder when 43 is divided by 31.
12
Calculate the remainder when 53 is divided by 8.
5
What is the remainder when 5659 is divided by 177?
172
Calculate the remainder when 1548 is divided by 62.
60
Calculate the remainder when 115 is divided by 29.
28
What is the remainder when 135 is divided by 37?
24
What is the remainder when 67 is divided by 12?
7
What is the remainder when 169 is divided by 3?
1
What is the remainder when 200 is divided by 135?
65
Calculate the remainder when 236 is divided by 12.
8
What is the remainder when 182 is divided by 6?
2
What is the remainder when 599 is divided by 4?
3
Calculate the remainder when 1282 is divided by 188.
154
What is the remainder when 920 is divided by 26?
10
What is the remainder when 205 is divided by 166?
39
What is the remainder when 2507 is divided by 81?
77
What is the remainder when 73 is divided by 56?
17
What is the remainder when 15621 is divided by 126?
123
Calculate the remainder when 239 is divided by 17.
1
What is the remainder when 1537 is divided by 27?
25
What is the remainder when 109 is divided by 42?
25
Calculate the remainder when 226 is divided by 157.
69
Calculate the remainder when 657 is divided by 44.
41
What is the remainder when 127 is divided by 44?
39
What is the remainder when 89 is divided by 45?
44
What is the remainder when 244 is divided by 54?
28
What is the remainder when 3279 is divided by 45?
39
What is the remainder when 255 is divided by 20?
15
Calculate the remainder when 2069 is divided by 102.
29
What is the remainder when 630 is divided by 142?
62
What is the remainder when 293 is divided by 90?
23
Calculate the remainder when 239 is divided by 26.
5
What is the remainder when 12554 is divided by 46?
42
What is the remainder when 93 is divided by 32?
29
What is the remainder when 2397 is divided by 24?
21
What is the remainder when 503 is divided by 12?
11
Calculate the remainder when 137 is divided by 12.
5
What is the remainder when 378 is divided by 20?
18
Calculate the remainder when 1261 is divided by 141.
133
Calculate the remainder when 41159 is divided by 105.
104
Calculate the remainder when 625 is divided by 15.
10
What is the remainder when 321 is divided by 33?
24
What is the remainder when 426 is divided by 11?
8
What is the remainder when 16 is divided by 15?
1
Calculate the remainder when 65 is divided by 19.
8
Calculate the remainder when 656 is divided by 47.
45
Calculate the remainder when 534 is divided by 134.
132
Calculate the remainder when 160 is divided by 18.
16
What is the remainder when 104 is divided by 77?
27
Calculate the remainder when 474 is divided by 19.
18
What is the remainder when 115 is divided by 58?
57
Calculate the remainder when 210 is divided by 71.
68
Calculate the remainder when 247 is divided by 10.
7
What is the remainder when 35175 is divided by 143?
140
What is the remainder when 438 is divided by 71?
12
Calculate the remainder when 54 is divided by 17.
3
What is the remainder when 82 is divided by 3?
1
What is the remainder when 647 is divided by 27?
26
Calculate the remainder when 1855 is divided by 481.
412
Calculate the remainder when 44 is divided by 13.
5
What is the remainder when 99 is divided by 19?
4
What is the remainder when 304 is divided by 14?
10
Calculate the remainder when 1229 is divided by 41.
40
What is the remainder when 438 is divided by 90?
78
What is the remainder when 70 is divided by 11?
4
What is the remainder when 211 is divided by 64?
19
Calculate the remainder when 289 is divided by 29.
28
Calculate the remainder when 327 i